is the units digit of 1129?
9
What is the hundreds digit of 1069?
0
What is the tens digit of 46074?
7
What is the thousands digit of 41794?
1
What is the tens digit of 195?
9
What is the tens digit of 8407?
0
What is the tens digit of 51438?
3
What is the thousands digit of 51906?
1
What is the hundreds digit of 39304?
3
What is the tens digit of 705?
0
What is the tens digit of 1208?
0
What is the hundreds digit of 194164?
1
What is the tens digit of 6835?
3
What is the units digit of 815?
5
What is the tens digit of 27039?
3
What is the units digit of 130?
0
What is the thousands digit of 15534?
5
What is the hundreds digit of 12711?
7
What is the ten thousands digit of 21751?
2
What is the hundreds digit of 1952?
9
What is the thousands digit of 14340?
4
What is the units digit of 4618?
8
What is the tens digit of 5085?
8
What is the thousands digit of 143233?
3
What is the thousands digit of 14695?
4
What is the units digit of 1147?
7
What is the thousands digit of 28490?
8
What is the thousands digit of 1074?
1
What is the hundreds digit of 2407?
4
What is the tens digit of 3646?
4
What is the units digit of 2492?
2
What is the tens digit of 3319?
1
What is the thousands digit of 112339?
2
What is the hundreds digit of 1346?
3
What is the thousands digit of 95764?
5
What is the tens digit of 42733?
3
What is the tens digit of 10311?
1
What is the thousands digit of 11380?
1
What is the hundreds digit of 25297?
2
What is the units digit of 11418?
8
What is the hundreds digit of 2950?
9
What is the units digit of 17791?
1
What is the units digit of 1552?
2
What is the tens digit of 24096?
9
What is the tens digit of 1155?
5
What is the tens digit of 67928?
2
What is the hundreds digit of 13785?
7
What is the units digit of 5982?
2
What is the ten thousands digit of 71875?
7
What is the tens digit of 2053?
5
What is the units digit of 1578?
8
What is the tens digit of 14?
1
What is the thousands digit of 65481?
5
What is the units digit of 30?
0
What is the hundreds digit of 1163?
1
What is the hundreds digit of 641?
6
What is the hundreds digit of 4872?
8
What is the units digit of 1138?
8
What is the thousands digit of 19187?
9
What is the ten thousands digit of 43072?
4
What is the thousands digit of 2450?
2
What is the units digit of 2811?
1
What is the hundreds digit of 1783?
7
What is the units digit of 46706?
6
What is the units digit of 3591?
1
What is the tens digit of 50489?
8
What is the thousands digit of 111366?
1
What is the thousands digit of 4429?
4
What is the units digit of 3360?
0
What is the hundreds digit of 211780?
7
What is the tens digit of 766?
6
What is the hundreds digit of 116582?
5
What is the hundreds digit of 20544?
5
What is the hundreds digit of 68218?
2
What is the thousands digit of 9123?
9
What is the thousands digit of 6897?
6
What is the units digit of 8017?
7
What is the tens digit of 13496?
9
What is the units digit of 13919?
9
What is the hundreds digit of 12202?
2
What is the hundreds digit of 73311?
3
What is the thousands digit of 1171?
1
What is the thousands digit of 70118?
0
What is the units digit of 4256?
6
What is the hundreds digit of 3954?
9
What is the hundreds digit of 7761?
7
What is the tens digit of 1282?
8
What is the tens digit of 362?
6
What is the tens digit of 31005?
0
What is the thousands digit of 46734?
6
What is the hundreds digit of 369?
3
What is the units digit of 758?
8
What is the hundreds digit of 22603?
6
What is the tens digit of 52?
5
What is the thousands digit of 7500?
7
What is the hundreds digit of 470?
4
What is the units digit of 299?
9
What is the tens digit of 1129?
2
What is the tens digit of 135?
3
What is the tens digit of 520?
2
What is the hundreds digit of 8281?
2
What is the tens digit of 98383?
8
What is the tens digit of 15170?
7
What is the thousands digit of 33607?
3
What is the units digit of 2871?
1
What is the tens digit of 621?
2
What is the thousands digit of 1011?
1
What is the thousands digit of 4485?
4
What is the units digit of 7762?
2
What is the ten thousands digit of 51586?
5
What is the tens digit of 11501?
0
What is the thousands digit of 45211?
5
What is the tens digit of 22689?
8
What is the hundreds digit of 250?
2
What is the thousands digit of 25813?
5
What is the tens digit of 4681?
8
What is the hundreds digit of 46085?
0
What is the thousands digit of 58551?
8
What is the units digit of 6091?
1
What is the units digit of 396?
6
What is the units digit of 26944?
4
What is the ten thousands digit of 25307?
2
What is the thousands digit of 45762?
5
What is the tens digit of 329?
2
What is the hundreds digit of 144?
1
What is the hundreds digit of 34806?
8
What is the hundreds digit of 1345?
3
What is the tens digit of 80?
8
What is the units digit of 71090?
0
What is the hundreds digit of 548?
5
What is the hundreds digit of 10087?
0
What is the hundreds digit of 3298?
2
What is the hundreds digit of 1231?
2
What is the units digit of 15834?
4
What is the units digit of 8305?
5
What is the tens digit of 7697?
9
What is the hundreds digit of 2263?
2
What is the thousands digit of 15751?
5
What is the hundreds digit of 18690?
6
What is the hundreds digit of 1113?
1
What is the units digit of 41292?
2
What is the thousands digit of 4295?
4
What is the units digit of 1228?
8
What is the thousands digit of 9023?
9
What is the tens digit of 99772?
7
What is the hundreds digit of 12732?
7
What is the units digit of 654?
4
What is the thousands digit of 2435?
2
What is the thousands digit of 13714?
3
What is the hundreds digit of 68201?
2
What is the units digit of 23376?
6
What is the thousands digit of 1189?
1
What is the ten thousands digit of 72739?
7
What is the tens digit of 18240?
4
What is the ten thousands digit of 85924?
8
What is the hundreds digit of 16853?
8
What is the thousands digit of 2296?
2
What is the hundreds digit of 34980?
9
What is the thousands digit of 10491?
0
What is the units digit of 8395?
5
What is the tens digit of 9144?
4
What is the hundreds digit of 102511?
5
What is the hundreds digit of 2470?
4
What is the hundreds digit of 48844?
8
What is the tens digit of 76364?
6
What is the units digit of 916?
6
What is the tens digit of 1989?
8
What is the units digit of 30386?
6
What is the tens digit of 5224?
2
What is the thousands digit of 10652?
0
What is the hundreds digit of 109?
1
What is the units digit of 4133?
3
What is the units digit of 1011?
1
What is the hundreds digit of 4511?
5
What is the thousands digit of 63421?
3
What is the thousands digit of 14423?
4
What is the hundred thousands digit of 186620?
1
What is the units digit of 2117?
7
What is the tens digit of 789?
8
What is the thousands digit of 1157?
1
What is the hundreds digit of 37088?
0
What is the tens digit of 4825?
2
What is the hundreds digit of 53915?
9
What is the units digit of 13036?
6
What is the units digit of 24?
4
What is the hundreds digit of 174?
1
What is the units digit of 2962?
2
What is the hundreds digit of 517?
5
What is the tens digit of 1172?
7
What is the hundreds digit of 7956?
9
What is the hundreds digit of 17690?
6
What is the thousands digit of 13450?
3
What is the thousands digit of 1568?
1
What is the tens digit of 87932?
3
What is the hundreds digit of 2248?
2
What is the thousands digit of 29170?
9
What is the tens digit of 39402?
0
What is the hundreds digit of 265?
2
What is the tens digit of 2533?
3
What is the hundreds digit of 1495?
4
What is the hundreds digit of 16503?
5
What is the hundreds digit of 92293?
2
What is the hundreds digit of 9426?
4
What is the units digit of 1168?
8
What is the thousands digit of 3116?
3
What is the ten thousands digit of 49822?
4
What is the hundreds digit of 64590?
5
What is the hundreds digit of 12013?
0
What is the thousands digit of 2265?
2
What is the hundreds digit of 5221?
2
What is the hundreds digit of 22744?
7
What is the units digit of 1443?
3
What is the tens digit of 32090?
9
What is the hundreds digit of 207925?
9
What is the tens digit of 688?
8
What is the units digit of 1617?
7
What is the units digit of 7101?
1
What is the tens digit of 6468?
6
What is the thousands digit of 30757?
0
What is the tens digit of 1093?
9
What is the thousands di